{"id":2381,"date":"2026-02-10T22:34:11","date_gmt":"2026-02-10T21:34:11","guid":{"rendered":"https:\/\/www.lessoigneurs.be\/?page_id=2381"},"modified":"2026-02-22T08:30:55","modified_gmt":"2026-02-22T07:30:55","slug":"mtb-routes","status":"publish","type":"page","link":"https:\/\/www.lessoigneurs.be\/?page_id=2381","title":{"rendered":"MTB-Routes"},"content":{"rendered":"<h1>Onze MTB &#038; Gravel routes<\/h1>\n<div>\n<p>Hieronder tref je een aantal MTB- en gravelroutes rondom onze B&amp;B aan. Maar er zijn nog tal van andere routes beschikbaar. Laat het ons even weten. Voor de meeste routes is het mogelijk om met een verbindingsroute op de uiteindelijke route terecht te komen (en een paar mooie extra km\u2019s te pakken). En neem vooral ook een kijkje op <a href=\"https:\/\/www.komoot.com\/nl-nl\/discover\/Manhay\/@50.2923724,5.6624969\/tours?sport=mtb&amp;map=true&amp;max_distance=7000&amp;pageNumber=1\" target=\"_blank\" rel=\"noopener\">Komoot<\/a> en <a href=\"https:\/\/gravelmap.com\/map#_=10.07\/50.2658\/5.6093&amp;type=route\" target=\"_blank\" rel=\"noopener\">Gravelmap<\/a> voor nog meer uren fietsplezier.<\/p>\n<\/div>\n<ul>\n<li>\n<p>        <img decoding=\"async\" src=\"\/wp-content\/uploads\/2026\/02\/LA_GOTALE_VTC1_BLUE-400x317-1.png\" alt=\"\"><\/p>\n<h2>MTB &#8211; La Gotale VTC 1 blauw<\/h2>\n<p>Start\/finish: Manhay (2km van B&#038;B) Signalering: blauwe bordjes Hoogtemeters: \u2013 Niveau: gemiddeld<\/p>\n<div>De VTC 1 trail \u201cLa Gotale\u201d is een 39 kilometer lange route die start in Manhay en je meeneemt langs ongerepte natuurgebieden, een verdwenen gehucht, de geschiedenis van Val Saint-Lambert en, bovenal, de schoonheid van de typische Ardense bossen.<\/p>\n<p>Voor wie van een uitdaging houdt, is er de mogelijkheid om een \u200b\u200b83,1 kilometer lange lus te maken die de hele gemeente omringt.<\/p><\/div>\n<p><a href=\"\/wp-content\/uploads\/2026\/02\/ManhayLaGotaleVTC1.gpx_.zip\">Download GPX<\/a><\/p>\n<\/li>\n<li>\n<p>        <img decoding=\"async\" src=\"\/wp-content\/uploads\/2026\/02\/XC2_Lai_L_Oiseau-400x274-1.png\" alt=\"\"><\/p>\n<h2>MTB &#8211; L\u2019ai L\u2019Oiseau XC 2 rood<\/h2>\n<p>Start\/finish: Manhay (2km van B&#038;B)  Signalering: rode bordjes Hoogtemeters: 1146 Niveau: moeilijk<\/p>\n<div>De XC 2 trail \u201cL\u2019ai L\u2019Oiseau\u201d is een 44 kilometer lange route die je langs verschillende ongerepte natuurgebieden, een verdwenen gehucht, drie typische Ardense dorpjes en bovenal de schoonheid van de Ardense bossen voert.<\/p>\n<p>De route is uitdagend gemaakt, met een aantal technische afdalingen en beklimmingen.<\/p><\/div>\n<p><a href=\"\/wp-content\/uploads\/2026\/02\/ManhayLaiLOiseauXC2.gpx_.zip\">Download GPX<\/a><\/p>\n<\/li>\n<li>\n<p>        <img decoding=\"async\" src=\"\/wp-content\/uploads\/2026\/02\/Mur_de_Petite_Hoursinne-400x284-1.png\" alt=\"\"><\/p>\n<h2>Gravel &#8211; Mur de Petite Hoursinne<\/h2>\n<p>Start\/finish: Bij de B&#038;B  Lengte: 34 km Signalering: GPX Hoogtemeters: 720 Niveau: zwaar<\/p>\n<div>Dit is een zware gravelrit waarvoor een zeer goede conditie vereist is. De paden in de Ardennen zijn toch net wat uitdagender dan in NL \ud83d\ude42 De route bestaat vooral uit onverharde ondergrond wat het extra uitdagend maakt.<\/p>\n<p>Ondergrond route:<br \/>\nOnverhard: 25,3 km<br \/>\nVerhard gravel: 156 m<br \/>\nVerhard: 4,86 km<br \/>\nAsfalt: 3,60 km<\/p><\/div>\n<p><a href=\"\/wp-content\/uploads\/2026\/02\/2025-08-29_2536386670_GPX-Download_-Mur-de-Petite-Hoursinne-%E2%80%93-Rotsachtig-Bospad-rondtocht-vanuit-Manhay.gpx_.zip\">Download GPX<\/a><\/p>\n<\/li>\n<li>\n<p>        <img decoding=\"async\" src=\"\/wp-content\/uploads\/2026\/02\/TC3_Robiefa-400x307-1.png\" alt=\"\"><\/p>\n<h2>MTB &#8211; Les deux moulins XC 8 blauw<\/h2>\n<p>Start\/finish: Fosse \u2013 op 3km van de B&#038;B  Signalering: blauwe bordjes Hoogtemeters: \u2013 Niveau: gemiddeld<\/p>\n<div>De XC 8 \u201cTwo Mills\u201d trail is een 26 kilometer lange crosscountryroute die je de uitzonderlijk ongerepte natuurgebieden van de regio laat ontdekken, waaronder het Plateau des Tailles, een typisch Ardens natuurgebied.<\/p>\n<p>Je kunt drie typisch Ardense dorpjes bewonderen en enkele van de kleine, iconische erfgoedlocaties van de gemeente ontdekken. Verder staan er twee nog steeds actieve molens die meel en olie produceren op de route.Je kunt ook van de gelegenheid gebruikmaken om het Parc Chlorophylle te verkennen en te genieten van een lunch in de brasserie.<\/p><\/div>\n<p><a href=\"\/wp-content\/uploads\/2026\/02\/ManhayLesDeuxMoulinsXC8.gpx_.zip\">Download GPX<\/a><\/p>\n<\/li>\n<li>\n<p>        <img decoding=\"async\" src=\"\/wp-content\/uploads\/2026\/02\/LES-HORIZONS-400x306-1.png\" alt=\"\"><\/p>\n<h2>MTB &#8211; Les Horizons VTT 1 rood<\/h2>\n<p>Start\/finish: Erezee  \u2013 op 8 km van de B&#038;B  Lengte: 20,8 km Signalering: rode bordjes Hoogtemeters: \u2013 Niveau: moeilijk<\/p>\n<div>Vertrekkend vanuit het centrum van \u00c9rez\u00e9e doorkruisen we het dorp Estin\u00e9 en bereiken we Fanzel via een klein bosgebied. Vanuit Fanzel bereiken we Oster, waar we onderweg prachtige uitzichten ontdekken, en vervolgen we onze weg naar Eveux. Daarna kom je aan bij de Moulin de Fisenne via het Bois de Nalogne en steek je de RAVeL (spoorwegroute) over. Via Fisenne rijd je naar het centrum van \u00c9rez\u00e9e. Drink daar een heerlijk biertje op het kerkplein om je op te laden voor de terugweg naar de B&#038;B.<\/div>\n<p><a href=\"\/wp-content\/uploads\/2026\/02\/VTTLesHorizonsEreze.gpx_.zip\">Download GPX<\/a><\/p>\n<\/li>\n<li>\n<p>        <img decoding=\"async\" src=\"\/wp-content\/uploads\/2026\/02\/RondjeMormont-400x371-1.png\" alt=\"\"><\/p>\n<h2>Gravel &#8211; Rondje Mormont, Harre, Manhay<\/h2>\n<p>Start\/finish: Bij de tank in Grandmenil  Lengte: 29 km Signalering: GPX Hoogtemeters: 560 Niveau: medium<\/p>\n<div>Dit is een zware gravelrit waarvoor een zeer goede conditie vereist is. De route start met de Panthertank in Grandmenil op 50 meter van onze B&#038;B. De route bestaat vooral uit verharde ondergrond.<\/p>\n<p>Ondergrond route:<br \/>\nOnverhard: 6,27 km<br \/>\nVerhard: 7,37 km<br \/>\nAsfalt: 15,8 km<\/p><\/div>\n<p><a href=\"\/wp-content\/uploads\/2026\/02\/ManhayRobifaVTC3.gpx_.zip\">Download GPX<\/a><\/p>\n<\/li>\n<\/ul>\n<div>Heb je zelf mooie routes bij ons in de omgeving gereden en heb je het GPX bestand beschikbaar? Stuur ons jouw route via email zodat we hem met andere liefhebbers kunnen delen.<\/div>\n<p><p>\n        <a href=\"mailto: info@lessoigneurs.be\">Mail ons<\/a>\n    <\/p>\n<\/p>\n<p><!--more--><br \/>\n<!-- {\"type\":\"layout\",\"children\":[{\"type\":\"section\",\"props\":{\"header_transparent\":false,\"header_transparent_text_color\":\"light\",\"image\":\"wp-content\/uploads\/yootheme\/home-activities-03.jpg\",\"image_loading\":true,\"image_position\":\"center-center\",\"image_size\":\"cover\",\"image_width\":2560,\"overlap\":true,\"padding_bottom\":\"large\",\"style\":\"secondary\",\"title_breakpoint\":\"xl\",\"title_position\":\"top-left\",\"title_rotation\":\"left\",\"vertical_align\":\"middle\",\"width\":\"large\"},\"children\":[{\"type\":\"row\",\"children\":[{\"type\":\"column\",\"props\":{\"image_position\":\"center-center\",\"position_sticky_breakpoint\":\"m\"},\"children\":[{\"type\":\"headline\",\"props\":{\"animation\":\"parallax\",\"content\":\"Onze MTB & Gravel routes\",\"image_align\":\"left\",\"image_margin\":\"xsmall\",\"margin_bottom\":\"remove\",\"margin_top\":\"xlarge\",\"title_color\":\"emphasis\",\"title_element\":\"h1\",\"title_style\":\"heading-xlarge\",\"title_text_stroke\":true}}]}]}]},{\"type\":\"section\",\"props\":{\"image_position\":\"center-center\",\"style\":\"default\",\"title_breakpoint\":\"xl\",\"title_position\":\"top-left\",\"title_rotation\":\"left\",\"vertical_align\":\"middle\",\"width\":\"default\"},\"children\":[{\"type\":\"row\",\"children\":[{\"type\":\"column\",\"props\":{\"image_position\":\"center-center\",\"position_sticky_breakpoint\":\"m\"},\"children\":[{\"type\":\"text\",\"props\":{\"column_breakpoint\":\"m\",\"content\":\"\n\n<p>Hieronder tref je een aantal MTB- en gravelroutes rondom onze B&amp;B aan. Maar er zijn nog tal van andere routes beschikbaar. Laat het ons even weten. Voor de meeste routes is het mogelijk om met een verbindingsroute op de uiteindelijke route terecht te komen (en een paar mooie extra km\u2019s te pakken). En neem vooral ook een kijkje op <a href=\\\"https:\/\/www.komoot.com\/nl-nl\/discover\/Manhay\/@50.2923724,5.6624969\/tours?sport=mtb&amp;map=true&amp;max_distance=7000&amp;pageNumber=1\\\" target=\\\"_blank\\\" rel=\\\"noopener\\\">Komoot<\/a> en <a href=\\\"https:\/\/gravelmap.com\/map#_=10.07\/50.2658\/5.6093&amp;type=route\\\" target=\\\"_blank\\\" rel=\\\"noopener\\\">Gravelmap<\/a> voor nog meer uren fietsplezier.<\/p>\n\n\",\"margin_bottom\":\"remove\",\"margin_top\":\"default\",\"text_style\":\"lead\"}}]}]}]},{\"type\":\"section\",\"props\":{\"image\":\"wp-content\/uploads\/home-restaurant-bg.svg\",\"image_loading\":true,\"image_position\":\"top-center\",\"image_size\":\"contain\",\"media_visibility\":\"m\",\"padding_bottom\":\"large\",\"padding_top\":\"small\",\"style\":\"default\",\"title_breakpoint\":\"xl\",\"title_position\":\"top-left\",\"title_rotation\":\"left\",\"vertical_align\":\"\",\"width\":\"xlarge\"},\"children\":[{\"type\":\"row\",\"children\":[{\"type\":\"column\",\"props\":{\"image_position\":\"center-center\",\"position_sticky_breakpoint\":\"m\"},\"children\":[{\"type\":\"grid\",\"props\":{\"content_column_breakpoint\":\"m\",\"content_margin\":\"medium\",\"content_margin_auto\":true,\"filter_align\":\"left\",\"filter_all\":true,\"filter_grid_breakpoint\":\"m\",\"filter_grid_width\":\"auto\",\"filter_position\":\"top\",\"filter_style\":\"tab\",\"grid_column_gap\":\"large\",\"grid_default\":\"1\",\"grid_medium\":\"3\",\"grid_row_gap\":\"large\",\"grid_small\":\"2\",\"image_align\":\"top\",\"image_grid_breakpoint\":\"m\",\"image_grid_width\":\"1-2\",\"image_link\":true,\"image_svg_color\":\"emphasis\",\"image_width\":\"610\",\"item_animation\":true,\"lightbox_bg_close\":true,\"link_margin\":\"medium\",\"link_style\":\"text\",\"link_text\":\"Continue reading\",\"margin_bottom\":\"default\",\"margin_top\":\"default\",\"meta_align\":\"below-title\",\"meta_element\":\"div\",\"meta_style\":\"text-meta\",\"parallax_easing\":\"1\",\"show_content\":true,\"show_hover_image\":true,\"show_hover_video\":true,\"show_image\":true,\"show_link\":true,\"show_meta\":true,\"show_title\":true,\"show_video\":true,\"title_align\":\"top\",\"title_element\":\"h2\",\"title_grid_breakpoint\":\"m\",\"title_grid_width\":\"1-2\",\"title_hover_style\":\"reset\",\"title_link\":true,\"title_margin\":\"medium\",\"title_style\":\"h3\"},\"children\":[{\"type\":\"grid_item\",\"props\":{\"content\":\"De VTC 1 trail \u201cLa Gotale\u201d is een 39 kilometer lange route die start in Manhay en je meeneemt langs ongerepte natuurgebieden, een verdwenen gehucht, de geschiedenis van Val Saint-Lambert en, bovenal, de schoonheid van de typische Ardense bossen.\\n\\nVoor wie van een uitdaging houdt, is er de mogelijkheid om een \u200b\u200b83,1 kilometer lange lus te maken die de hele gemeente omringt.\",\"image\":\"wp-content\/uploads\/2026\/02\/LA_GOTALE_VTC1_BLUE-400x317-1.png\",\"item_element\":\"article\",\"link\":\"wp-content\/uploads\/2026\/02\/ManhayLaGotaleVTC1.gpx_.zip\",\"link_style\":\"primary\",\"link_text\":\"Download GPX\",\"meta\":\"Start\/finish: Manhay (2km van B&B) Signalering: blauwe bordjes Hoogtemeters: \u2013 Niveau: gemiddeld\",\"panel_style\":\"card-overlay\",\"title\":\"MTB - La Gotale VTC 1 blauw\"}},{\"type\":\"grid_item\",\"props\":{\"content\":\"De XC 2 trail \u201cL\u2019ai L\u2019Oiseau\u201d is een 44 kilometer lange route die je langs verschillende ongerepte natuurgebieden, een verdwenen gehucht, drie typische Ardense dorpjes en bovenal de schoonheid van de Ardense bossen voert.\\n\\nDe route is uitdagend gemaakt, met een aantal technische afdalingen en beklimmingen.\",\"image\":\"wp-content\/uploads\/2026\/02\/XC2_Lai_L_Oiseau-400x274-1.png\",\"item_element\":\"article\",\"link\":\"wp-content\/uploads\/2026\/02\/ManhayLaiLOiseauXC2.gpx_.zip\",\"link_style\":\"primary\",\"link_text\":\"Download GPX\",\"meta\":\"Start\/finish: Manhay (2km van B&B)  Signalering: rode bordjes Hoogtemeters: 1146 Niveau: moeilijk\",\"panel_style\":\"card-overlay\",\"title\":\"MTB - L\u2019ai L\u2019Oiseau XC 2 rood\"}},{\"type\":\"grid_item\",\"props\":{\"content\":\"Dit is een zware gravelrit waarvoor een zeer goede conditie vereist is. De paden in de Ardennen zijn toch net wat uitdagender dan in NL \ud83d\ude42 De route bestaat vooral uit onverharde ondergrond wat het extra uitdagend maakt.\\n\\nOndergrond route:\\nOnverhard: 25,3 km\\nVerhard gravel: 156 m\\nVerhard: 4,86 km\\nAsfalt: 3,60 km\",\"image\":\"wp-content\/uploads\/2026\/02\/Mur_de_Petite_Hoursinne-400x284-1.png\",\"item_element\":\"article\",\"link\":\"wp-content\/uploads\/2026\/02\/2025-08-29_2536386670_GPX-Download_-Mur-de-Petite-Hoursinne-\u2013-Rotsachtig-Bospad-rondtocht-vanuit-Manhay.gpx_.zip\",\"link_style\":\"primary\",\"link_text\":\"Download GPX\",\"meta\":\"Start\/finish: Bij de B&B  Lengte: 34 km Signalering: GPX Hoogtemeters: 720 Niveau: zwaar\",\"panel_style\":\"tile-muted\",\"title\":\"Gravel - Mur de Petite Hoursinne\"}},{\"type\":\"grid_item\",\"props\":{\"content\":\"De XC 8 \u201cTwo Mills\u201d trail is een 26 kilometer lange crosscountryroute die je de uitzonderlijk ongerepte natuurgebieden van de regio laat ontdekken, waaronder het Plateau des Tailles, een typisch Ardens natuurgebied.\\n\\nJe kunt drie typisch Ardense dorpjes bewonderen en enkele van de kleine, iconische erfgoedlocaties van de gemeente ontdekken. Verder staan er twee nog steeds actieve molens die meel en olie produceren op de route.Je kunt ook van de gelegenheid gebruikmaken om het Parc Chlorophylle te verkennen en te genieten van een lunch in de brasserie.\",\"image\":\"wp-content\/uploads\/2026\/02\/TC3_Robiefa-400x307-1.png\",\"item_element\":\"article\",\"link\":\"wp-content\/uploads\/2026\/02\/ManhayLesDeuxMoulinsXC8.gpx_.zip\",\"link_style\":\"primary\",\"link_text\":\"Download GPX\",\"meta\":\"Start\/finish: Fosse \u2013 op 3km van de B&B  Signalering: blauwe bordjes Hoogtemeters: \u2013 Niveau: gemiddeld\",\"panel_style\":\"card-overlay\",\"title\":\"MTB - Les deux moulins XC 8 blauw\"}},{\"type\":\"grid_item\",\"props\":{\"content\":\"Vertrekkend vanuit het centrum van \u00c9rez\u00e9e doorkruisen we het dorp Estin\u00e9 en bereiken we Fanzel via een klein bosgebied. Vanuit Fanzel bereiken we Oster, waar we onderweg prachtige uitzichten ontdekken, en vervolgen we onze weg naar Eveux. Daarna kom je aan bij de Moulin de Fisenne via het Bois de Nalogne en steek je de RAVeL (spoorwegroute) over. Via Fisenne rijd je naar het centrum van \u00c9rez\u00e9e. Drink daar een heerlijk biertje op het kerkplein om je op te laden voor de terugweg naar de B&B.\",\"image\":\"wp-content\/uploads\/2026\/02\/LES-HORIZONS-400x306-1.png\",\"item_element\":\"article\",\"link\":\"wp-content\/uploads\/2026\/02\/VTTLesHorizonsEreze.gpx_.zip\",\"link_style\":\"primary\",\"link_text\":\"Download GPX\",\"meta\":\"Start\/finish: Erezee  \u2013 op 8 km van de B&B  Lengte: 20,8 km Signalering: rode bordjes Hoogtemeters: \u2013 Niveau: moeilijk\",\"panel_style\":\"card-overlay\",\"title\":\"MTB - Les Horizons VTT 1 rood\"}},{\"type\":\"grid_item\",\"props\":{\"content\":\"Dit is een zware gravelrit waarvoor een zeer goede conditie vereist is. De route start met de Panthertank in Grandmenil op 50 meter van onze B&B. De route bestaat vooral uit verharde ondergrond.\\n\\nOndergrond route:\\nOnverhard: 6,27 km\\nVerhard: 7,37 km\\nAsfalt: 15,8 km\",\"image\":\"wp-content\/uploads\/2026\/02\/RondjeMormont-400x371-1.png\",\"item_element\":\"article\",\"link\":\"wp-content\/uploads\/2026\/02\/ManhayRobifaVTC3.gpx_.zip\",\"link_style\":\"primary\",\"link_text\":\"Download GPX\",\"meta\":\"Start\/finish: Bij de tank in Grandmenil  Lengte: 29 km Signalering: GPX Hoogtemeters: 560 Niveau: medium\",\"panel_style\":\"tile-muted\",\"title\":\"Gravel - Rondje Mormont, Harre, Manhay\"}}]}]}]}],\"name\":\"Posts\"},{\"type\":\"section\",\"props\":{\"image_position\":\"center-center\",\"padding_top\":\"small\",\"style\":\"default\",\"title_breakpoint\":\"xl\",\"title_position\":\"top-left\",\"title_rotation\":\"left\",\"vertical_align\":\"middle\",\"width\":\"default\"},\"children\":[{\"type\":\"row\",\"children\":[{\"type\":\"column\",\"props\":{\"image_position\":\"center-center\",\"position_sticky_breakpoint\":\"m\"},\"children\":[{\"type\":\"text\",\"props\":{\"column_breakpoint\":\"m\",\"content\":\"Heb je zelf mooie routes bij ons in de omgeving gereden en heb je het GPX bestand beschikbaar? Stuur ons jouw route via email zodat we hem met andere liefhebbers kunnen delen.\",\"margin_bottom\":\"default\",\"margin_top\":\"default\"}},{\"type\":\"button\",\"props\":{\"grid_column_gap\":\"small\",\"grid_row_gap\":\"small\",\"margin_bottom\":\"default\",\"margin_top\":\"default\"},\"children\":[{\"type\":\"button_item\",\"props\":{\"button_style\":\"default\",\"content\":\"Mail ons\",\"dialog_layout\":\"modal\",\"dialog_offcanvas_flip\":true,\"icon\":\"mail\",\"icon_align\":\"left\",\"link\":\"mailto: info@lessoigneurs.be\"}}]}]}]}]}],\"version\":\"5.0.15\"} --><\/p>\n","protected":false},"excerpt":{"rendered":"<p>Onze MTB &#038; Gravel routes Hieronder tref je een aantal MTB- en gravelroutes rondom onze B&amp;B aan. Maar er zijn nog tal van andere routes beschikbaar. Laat het ons even weten. Voor de meeste routes is het mogelijk om met een verbindingsroute op de uiteindelijke route terecht te komen (en een paar mooie extra km\u2019s [&hellip;]<\/p>\n","protected":false},"author":1,"featured_media":0,"parent":0,"menu_order":0,"comment_status":"closed","ping_status":"closed","template":"","meta":{"_acf_changed":false,"footnotes":""},"class_list":["post-2381","page","type-page","status-publish","hentry"],"acf":[],"_links":{"self":[{"href":"https:\/\/www.lessoigneurs.be\/index.php?rest_route=\/wp\/v2\/pages\/2381","targetHints":{"allow":["GET"]}}],"collection":[{"href":"https:\/\/www.lessoigneurs.be\/index.php?rest_route=\/wp\/v2\/pages"}],"about":[{"href":"https:\/\/www.lessoigneurs.be\/index.php?rest_route=\/wp\/v2\/types\/page"}],"author":[{"embeddable":true,"href":"https:\/\/www.lessoigneurs.be\/index.php?rest_route=\/wp\/v2\/users\/1"}],"replies":[{"embeddable":true,"href":"https:\/\/www.lessoigneurs.be\/index.php?rest_route=%2Fwp%2Fv2%2Fcomments&post=2381"}],"version-history":[{"count":40,"href":"https:\/\/www.lessoigneurs.be\/index.php?rest_route=\/wp\/v2\/pages\/2381\/revisions"}],"predecessor-version":[{"id":3008,"href":"https:\/\/www.lessoigneurs.be\/index.php?rest_route=\/wp\/v2\/pages\/2381\/revisions\/3008"}],"wp:attachment":[{"href":"https:\/\/www.lessoigneurs.be\/index.php?rest_route=%2Fwp%2Fv2%2Fmedia&parent=2381"}],"curies":[{"name":"wp","href":"https:\/\/api.w.org\/{rel}","templated":true}]}}